{"id":2847,"date":"2020-06-11T17:19:53","date_gmt":"2020-06-11T16:19:53","guid":{"rendered":"http:\/\/laboratoiredesmetiers.com\/?page_id=2847"},"modified":"2022-03-24T15:30:21","modified_gmt":"2022-03-24T14:30:21","slug":"infirmier-auxiliaire-infirmiere-auxiliaire","status":"publish","type":"page","link":"https:\/\/laboratoiredesmetiers.com\/?page_id=2847","title":{"rendered":"Infirmier auxiliaire \/ Infirmi\u00e8re auxiliaire"},"content":{"rendered":"<p>L&rsquo;infirmi\u00e8re et l&rsquo;infirmier auxiliaires contribuent \u00e0 l&rsquo;\u00e9valuation de l&rsquo;\u00e9tat de sant\u00e9 des personnes utilisatrices et \u00e0 la r\u00e9alisation des plans th\u00e9rapeutiques infirmiers, et prodiguent des soins selon les directives dans le but de maintenir ou de r\u00e9tablir la sant\u00e9 et de pr\u00e9venir la maladie. Telles sont les grandes lignes du champ de pratique de cette profession.<\/p>\n<h2>Programme de formation<\/h2>\n<p><strong>Dipl\u00f4me d&rsquo;\u00e9tudes professionnelles (DEP):<\/strong> <span style=\"color: #800000;\"><span style=\"color: #000000;\">Sant\u00e9, assistance et soins infirmiers (SASI)<\/span> (5325 \u2013 Minist\u00e8re de l\u2019\u00c9ducation, du Loisir et du Sport)<br \/>\n<\/span><\/p>\n<p>\u00c0 partir d&rsquo;une vingtaine de situations de soins, l&rsquo;agir professionnel des infirmi\u00e8res et infirmiers auxiliaires est explor\u00e9, document\u00e9 et d\u00e9taill\u00e9. Au cours de chaque situation de soins, les infirmi\u00e8res et infirmiers auxiliaires mobilisent un processus de raisonnement, c&rsquo;est-\u00e0-dire un ensemble complexe de processus d\u00e9cisionnels et op\u00e9rationnels qui \u00e9claire les dimensions cognitive et relationnelle des activit\u00e9s cl\u00e9s et des actions qui en d\u00e9coulent. De plus, de nombreux param\u00e8tres sont s\u00e9lectionn\u00e9s et activ\u00e9s afin de maintenir un haut niveau de s\u00e9curit\u00e9, de pr\u00e9cision et de conformit\u00e9 et d&rsquo;optimiser l&rsquo;encadrement de l&rsquo;agir professionnel.<\/p>\n<p>\u00c0 partir d&rsquo;une vingtaine de situations de soins, l&rsquo;<strong>agir professionnel<\/strong> des infirmi\u00e8res et infirmiers auxiliaires est explor\u00e9, document\u00e9 et d\u00e9taill\u00e9. Au cours de chaque <strong>situation de soins<\/strong>, les infirmi\u00e8res et infirmiers auxiliaires mobilisent un <strong>processus de raisonnement<\/strong>, c&rsquo;est-\u00e0-dire un ensemble complexe de processus d\u00e9cisionnels et op\u00e9rationnels qui \u00e9claire les dimensions cognitive et relationnelle des activit\u00e9s cl\u00e9s et des actions qui en d\u00e9coulent. De plus, de nombreux param\u00e8tres sont s\u00e9lectionn\u00e9s et activ\u00e9s afin de maintenir un haut niveau de s\u00e9curit\u00e9, de pr\u00e9cision et de conformit\u00e9 et d&rsquo;optimiser l&rsquo;encadrement de l&rsquo;agir professionnel.<\/p>\n<p>Pour avoir acc\u00e8s au <em><strong>Guide didactique<\/strong><\/em> dans son int\u00e9gralit\u00e9, <a href=\"http:\/\/laboratoiredesmetiers.com\/wp-content\/uploads\/2020\/06\/Final-Guide-Infirmiere-infirmier-auxiliaire.pdf\" target=\"_blank\" rel=\"noopener\">cliquez ici<\/a>.<\/p>\n<p>Pour en savoir plus sur le r\u00e9seau des activit\u00e9s cl\u00e9s et des actions mises en oeuvre lors des situation de soins, consultez le <strong>sch\u00e9ma du processus de raisonnement<\/strong> de l&rsquo;infirmi\u00e8re et de l&rsquo;infirmier auxiliaires ci-dessous.<\/p>\n","protected":false},"excerpt":{"rendered":"<p>L&rsquo;infirmi\u00e8re et l&rsquo;infirmier auxiliaires contribuent \u00e0 l&rsquo;\u00e9valuation de l&rsquo;\u00e9tat de sant\u00e9 des personnes utilisatrices et \u00e0 la r\u00e9alisation des plans th\u00e9rapeutiques infirmiers, et prodiguent des soins selon les directives dans le but de maintenir ou de r\u00e9tablir la sant\u00e9 et de pr\u00e9venir la maladie. Telles sont les grandes lignes du champ de pratique de cette [&hellip;]<\/p>\n","protected":false},"author":2,"featured_media":2926,"parent":7,"menu_order":3,"comment_status":"open","ping_status":"open","template":"template-techniques.php","meta":{"footnotes":""},"_links":{"self":[{"href":"https:\/\/laboratoiredesmetiers.com\/index.php?rest_route=\/wp\/v2\/pages\/2847"}],"collection":[{"href":"https:\/\/laboratoiredesmetiers.com\/index.php?rest_route=\/wp\/v2\/pages"}],"about":[{"href":"https:\/\/laboratoiredesmetiers.com\/index.php?rest_route=\/wp\/v2\/types\/page"}],"author":[{"embeddable":true,"href":"https:\/\/laboratoiredesmetiers.com\/index.php?rest_route=\/wp\/v2\/users\/2"}],"replies":[{"embeddable":true,"href":"https:\/\/laboratoiredesmetiers.com\/index.php?rest_route=%2Fwp%2Fv2%2Fcomments&post=2847"}],"version-history":[{"count":13,"href":"https:\/\/laboratoiredesmetiers.com\/index.php?rest_route=\/wp\/v2\/pages\/2847\/revisions"}],"predecessor-version":[{"id":3844,"href":"https:\/\/laboratoiredesmetiers.com\/index.php?rest_route=\/wp\/v2\/pages\/2847\/revisions\/3844"}],"up":[{"embeddable":true,"href":"https:\/\/laboratoiredesmetiers.com\/index.php?rest_route=\/wp\/v2\/pages\/7"}],"wp:featuredmedia":[{"embeddable":true,"href":"https:\/\/laboratoiredesmetiers.com\/index.php?rest_route=\/wp\/v2\/media\/2926"}],"wp:attachment":[{"href":"https:\/\/laboratoiredesmetiers.com\/index.php?rest_route=%2Fwp%2Fv2%2Fmedia&parent=2847"}],"curies":[{"name":"wp","href":"https:\/\/api.w.org\/{rel}","templated":true}]}}